4). Let t = 1171 - 1170. Calculate the greatest common factor of t and s.
1
Suppose -6*a = -2*a + 264. Let d = a - -122. What is the highest common divisor of 70 and d?
14
Suppose -34*v + 8765 = -19387. What is the highest common divisor of v and 36?
36
Suppose 107*h = 362*h - 42075. Let r(m) = -m**2 + 11*m + 3. Let s be r(6). What is the highest common divisor of h and s?
33
Let d = -13 + 41. What is the highest common divisor of 98 and d?
14
Let g be (-175)/21*2*-3. Let o(c) = c + 19. Let x be o(-15). Suppose -u + x*u - 229 = 4*j, 299 = 4*u + j. What is the greatest common factor of g and u?
25
Suppose 193 = 167*i - 1143. Let o = -6 + 14. What is the highest common divisor of i and o?
8
Suppose -o - 3*p + 89 = -37, -4*p = 3*o - 383. Calculate the highest common factor of o and 688.
43
Let d(x) = x - 27. Let r be d(23). Let k be 1/((-4)/(r - 4)). What is the highest common divisor of 12 and k?
2
Let v be (2 - 0)*7 - (11 + -7). What is the greatest common divisor of 15 and v?
5
Let t be 1/(52/(-8)) - 31790/(-286). Calculate the greatest common factor of 9 and t.
3
Suppose 18875 = -11*y + 16*y - 5*d, -3*d = y - 3763. What is the highest common divisor of y and 92?
92
Let y be 8*1 - (-2 + -1). Let t be (1 - -3) + y + 3. Suppose -2*j = -4*m - 34, j - 5 = -4*m - t. Calculate the highest common factor of j and 56.
7
Suppose -3*c + 2589 = -4*n - 2127, n + 7843 = 5*c. Calculate the greatest common factor of c and 16.
16
Let c = 1159 - 1119. Calculate the highest common divisor of 30 and c.
10
Suppose 0 = -3*n, -4*t + 5*n = n - 52. Let s = 2 + t. Let d(i) = -22*i + 147. Let y be d(6). Calculate the greatest common factor of s and y.
15
Let s(j) = -80*j + 366. Let n be s(4). Let h(p) = 36*p - 3. Let y be h(2). What is the highest common factor of y and n?
23
Let v be 15/3 + -1*1. Let o be 1/2*(6 - -52). Let s = -19 + o. Calculate the highest common divisor of v and s.
2
Let a be ((0 - -7) + 0)/(3/21). Calculate the highest common factor of 196 and a.
49
Let d(v) = -v**3 - v**2 - v - 1. Let h be d(-2). Suppose 3*z - 4 = h. What is the highest common divisor of z and 33?
3
Let d(p) = 3*p**2 - 5*p - 6. Suppose -9*k = -3*k - 30. Let x be d(k). What is the highest common divisor of x and 22?
22
Suppose 16*v - 10*v = 1398. Suppose -2*o + 508 = -o. Let z = o - v. Calculate the highest common divisor of z and 25.
25
Suppose 5*k + 2*y = 23, -5*y = k + 2*k - 10. Suppose -k*i + 3 = -27. Suppose -2*b - 1 - 21 = -3*n, n = b + i. What is the highest common divisor of n and 50?
10
Let w = -201 - -285. What is the greatest common factor of 8 and w?
4
Suppose -4*x = p - 92, -3*x = -3*p - 16 - 38. What is the highest common factor of x and 1188?
22
Let p(y) = 33*y + 88. Let s be p(3). What is the greatest common divisor of 33 and s?
11
Suppose -5*f + 3*b = -414, -3*f - 4*b + 178 + 53 = 0. Let v = 111 - 57. What is the greatest common factor of v and f?
27
Suppose 3*y - 330 = -3*b, -2*y + 10*b - 9*b = -214. What is the greatest common divisor of 810 and y?
54
Suppose -f + 0*f + 80 = 0. Suppose 0 = 5*b - 3*b - 12. Suppose -b = -3*w + 54. What is the highest common factor of w and f?
20
Let d be (-6)/(3 - 0)*(-21)/6. Let n(x) = -20*x - 2. Let f be n(-3). Let z = f - 2. Calculate the greatest common factor of z and d.
7
Let s be -1 + (5 - (1 + 3) - -6). Calculate the greatest common divisor of s and 84.
6
Let z(r) = 2*r**2 - 9*r. Let k be z(-6). Suppose 2*m = 58 + 50. Let f = k - m. Calculate the greatest common divisor of f and 18.
18
Suppose -4*l - 295 = -7*l - h, 0 = 4*l + h - 392. Let n be l/(-4)*-1 + 4/(-16). Calculate the highest common divisor of 6 and n.
6
Suppose 0 = b - 2*b - 11. Let z = b + 31. Let d = 248 - 68. Calculate the greatest common factor of z and d.
20
Let y(c) = -2*c**3 - 3*c**2 + 2. Let l be -1*5*6/(-3). Suppose -13*u = -8*u + l. Let a be y(u). What is the highest common factor of 48 and a?
6
Let i(g) = -g**2 + 5*g + 5. Let t be (4/6)/((-4)/(-30)). Let u be i(t). Calculate the highest common divisor of u and 15.
5
Suppose 0 = 2*k + 3*v - 57, -2*v - 171 = -7*k + 2*k. Let a = 61 - 39. Calculate the greatest common factor of a and k.
11
Suppose 5*q - 3*q + 22 = -5*v, -9 = 2*v + q. Let i be v/8 - 90/(-4). Calculate the highest common factor of 55 and i.
11
Suppose -r + 7 = l, 0 = 3*l - 1 + 4. Let q(o) = 7*o - 176. Let i be q(25). Let w be -1*r*(0 + i). What is the highest common divisor of 12 and w?
4
Let m(o) = 7*o**2 + 31*o + 14. Let j be m(13). What is the highest common factor of j and 25?
25
Let f(k) = -2*k - 3. Let b be f(-7). Let m be 176/(-10) - 14/35. Let s be (-6)/21 + m/(-14). What is the highest common divisor of b and s?
1
Let y be (-4)/(-3)*5/(15/414). Suppose -2*r + y = 4*m, -5*r + m = 3*m - 500. Calculate the highest common factor of 6 and r.
6
Let n(f) = -2*f + 100. Let j be n(16). What is the greatest common divisor of 476 and j?
68
Let r(p) = 0*p + 10*p**3 + 0 + 2*p - 2*p**2 - 1. Let f be 0/((-4)/2) - -1. Let k be r(f). What is the highest common divisor of 9 and k?
9
Let s = -84 + 82. Let o be 157 + (-6 + s - -5). Calculate the greatest common factor of o and 22.
22
Let m = 12 + -16. Let o = m - -114. What is the greatest common factor of o and 10?
10
Suppose 3*v = -2*k + 2*v + 3, -v = -k + 9. Suppose -k*m + 186 = -14. Calculate the greatest common factor of 20 and m.
10
Let z(l) = -8*l + 142. Let v be z(14). Calculate the greatest common factor of 585 and v.
15
Suppose 0 = -2*l - 8, 0*z = -2*z + l + 246. Let y = -58 + z. What is the greatest common divisor of y and 7?
7
Let a(i) = -i**3 + 6*i**2 - 9*i - 4. Let g be a(-4). Let n be 9/(-3 + (-60)/(-16)). Calculate the greatest common factor of n and g.
12
Let q(v) = 3*v**2 - v - 4. Let w(k) = -5*k**3 + 2*k - 1. Let m be w(1). Let c be q(m). Let b = 103 + -31. What is the greatest common divisor of c and b?
24
Suppose -5*r = -9*r + 9*r. Suppose r = -k + 4*k - 114. Calculate the highest common divisor of k and 57.
19
Let n = 942 - 806. Calculate the highest common divisor of 340 and n.
68
Suppose 5*y + 90 = 5*b, 14*y = -4*b + 19*y + 73. Let f(m) = -m**2 + 34. Let q be f(0). What is the highest common divisor of q and b?
17
Suppose 0 = 18*g - 51 - 3. What is the highest common divisor of g and 117?
3
Let z be (0 - 2)*2 - -6. Suppose -5*g = n - 16, -7*g + z*g = 2*n - 12. Calculate the greatest common factor of 1 and g.
1
Let x = 28 + -13. Suppose r + 242 = 287. Calculate the greatest common divisor of x and r.
15
Let f = 123 + -114. Suppose -f*k + 80 = 8. What is the greatest common divisor of 28 and k?
4
Let h(s) = s - 6. Let p be h(0). Let q be ((-69)/p)/((-3)/(-18)). Let d = q - 43. Calculate the greatest common divisor of d and 104.
26
Let k = 305 - 257. Let l be (-1 - 199)*8/(-20). Calculate the greatest common divisor of l and k.
16
Suppose 5*z = q - 6*q - 350, 0 = 2*z - 5*q + 154. Let f = -21 - z. Calculate the greatest common factor of f and 408.
51
Let l(h) = -h**2 - 14*h - 16. Let a be l(-12). Suppose a = 3*i - 4*t, -4*i = -3*t - 6 - 7. Calculate the highest common factor of 16 and i.
4
Suppose 3*f + 11 = -2*j, -3*f - 4*j = -0*f + 7. Let h = f + 11. What is the highest common factor of 18 and h?
6
Let c be (-15580)/(-38) - (-21)/(-3). What is the greatest common factor of 124 and c?
31
Suppose -5*k + 8*k - 9 = 0. Suppose 0 = -3*d - t + 69 + 11, 3*t = -k. What is the greatest common divisor of d and 189?
27
Suppose -214 = -5*u + 431. Suppose 4*w + 20 = 0, 0 = 2*s - 4*w + 39 - u. Calculate the greatest common divisor of 280 and s.
35
Let r(m) = m**2 - 9*m + 24. Let u be r(16). Calculate the greatest common divisor of 32 and u.
8
Suppose -l - 5*g = 2, -237*l + 3*g - 56 = -242*l. Calculate the greatest common divisor of l and 2574.
13
Let r = 34 - 33. Let b be (3 - 6)*(-318)/9 - r. What is the greatest common factor of b and 15?
15
Let r(m) = 12*m + 8. Let g be r(2). Suppose 4*z - 7 + 103 = 3*i, i + 2*z = g. Calculate the highest common factor of 2 and i.
2
Let j(h) = -424*h - 2540. Let d be j(-6). Let f = -7 - -10. Let s be (-1*f)/(9/(-12)). Calculate the greatest common divisor of d and s.
4
Suppose 3*a + 4 = 2*a. Let z be (-95)/(-4) - 1/a. Suppose -4*f - 3*i = -24, i - 20 = -4*f + 4. What is the greatest common factor of f and z?
6
Let m(p) = -p**2 + 6*p + 7. Let f be m(7). L